131
What is the greatest common factor of 1414036 and 1768?
52
What is the highest common factor of 18 and 783536?
2
Calculate the greatest common factor of 36 and 7054119.
9
Calculate the highest common factor of 10 and 75155.
5
Calculate the highest common factor of 10182288 and 432.
48
Calculate the greatest common factor of 114282 and 17829.
63
Calculate the greatest common factor of 280734 and 4765888.
1318
What is the highest common divisor of 246 and 10832076?
6
Calculate the highest common factor of 1681918 and 686.
14
Calculate the greatest common factor of 12813178 and 5012.
2506
Calculate the highest common divisor of 142202 and 30846.
194
Calculate the greatest common divisor of 1455485085 and 5340.
1335
Calculate the highest common divisor of 1854109 and 3.
1
What is the highest common factor of 32003539 and 439?
439
What is the greatest common divisor of 266214 and 8931?
39
What is the highest common divisor of 270 and 35868312?
54
What is the highest common factor of 47236 and 3575476?
964
Calculate the highest common divisor of 22440 and 102071706.
1122
What is the highest common divisor of 1102551 and 87837?
1311
Calculate the highest common factor of 32975716 and 2489.
19
Calculate the highest common factor of 31428737 and 346.
173
What is the greatest common divisor of 2467257 and 7995?
1599
Calculate the greatest common factor of 17056017 and 6039.
99
Calculate the greatest common divisor of 1259808 and 16104.
264
Calculate the greatest common divisor of 21925463 and 16275.
217
What is the greatest common divisor of 12 and 96777492?
12
Calculate the highest common factor of 91319985 and 12825.
855
Calculate the greatest common factor of 2731423 and 22504.
2813
What is the greatest common factor of 39558764 and 189?
7
What is the highest common factor of 16646 and 2055373173?
8323
What is the greatest common factor of 1625 and 247013?
13
What is the highest common divisor of 12026654 and 49979?
1219
Calculate the highest common factor of 16566939 and 27.
9
Calculate the highest common factor of 88498749 and 1392.
87
What is the greatest common divisor of 14167 and 155?
31
What is the greatest common divisor of 57191064 and 672?
168
Calculate the greatest common factor of 7152 and 420264.
24
What is the greatest common divisor of 234622669 and 6921?
769
Calculate the highest common factor of 999 and 568161.
27
Calculate the highest common factor of 516 and 2664821628.
516
Calculate the highest common divisor of 24772369 and 28967.
349
What is the highest common factor of 196550 and 455?
5
Calculate the greatest common factor of 5454 and 307210185.
2727
Calculate the highest common divisor of 5955 and 56160.
15
What is the highest common factor of 81787 and 40994531?
4811
What is the greatest common divisor of 181763800 and 64?
8
Calculate the greatest common factor of 3990 and 184149140.
1330
What is the highest common divisor of 1122 and 3765738?
102
Calculate the greatest common factor of 4697307 and 36.
9
What is the greatest common factor of 21948 and 47632647?
5487
What is the greatest common divisor of 29 and 117881781?
29
What is the highest common factor of 2527653285 and 45?
45
Calculate the greatest common factor of 600 and 22256880.
120
What is the greatest common divisor of 290292436 and 1015?
203
Calculate the greatest common divisor of 442890 and 1799532.
4662
What is the greatest common factor of 50224785 and 30?
15
What is the highest common divisor of 693791 and 98?
49
What is the highest common factor of 602 and 1772008?
14
What is the greatest common factor of 12948594 and 11186?
1598
What is the greatest common divisor of 3750270 and 1230?
1230
Calculate the greatest common divisor of 164589924 and 2712.
1356
Calculate the greatest common divisor of 1534333 and 5368.
61
What is the highest common divisor of 1064 and 5720444?
76
What is the greatest common factor of 658741951 and 133?
133
What is the highest common divisor of 412 and 16678069?
103
Calculate the greatest common factor of 1332325775 and 55.
55
What is the highest common divisor of 5460410 and 3964?
1982
Calculate the highest common factor of 788909749 and 3329.
3329
What is the highest common factor of 568 and 3876742?
142
What is the highest common factor of 113904180 and 9360?
2340
Calculate the greatest common factor of 52114 and 3413254.
142
What is the highest common divisor of 328688829 and 1428?
357
What is the greatest common divisor of 732 and 4862432?
244
What is the highest common divisor of 422464 and 47150?
1886
What is the highest common divisor of 10780 and 1816969?
539
Calculate the highest common divisor of 93809840 and 80.
80
Calculate the highest common divisor of 177 and 27648.
3
Calculate the highest common divisor of 28 and 134310071.
7
What is the highest common divisor of 216 and 36868584?
24
What is the highest common divisor of 128174722 and 468234?
17342
Calculate the greatest common divisor of 9900 and 13735260.
1980
Calculate the greatest common divisor of 187 and 20202069.
17
Calculate the greatest common factor of 33638 and 1207943.
121
Calculate the greatest common divisor of 4571864 and 12100.
484
Calculate the greatest common factor of 827505 and 64965.
1065
What is the highest common divisor of 18103545 and 4980?
1245
Calculate the highest common factor of 681666 and 22083.
51
What is the greatest common divisor of 38437 and 3223654?
133
What is the greatest common divisor of 11952 and 793563?
249
What is the highest common factor of 17884776 and 456?
456
What is the highest common factor of 45315 and 445465?
265
What is the greatest common divisor of 1152783804 and 153?
51
What is the highest common factor of 76 and 245026052?
76
What is the greatest common factor of 28 and 192441116?
28
What is the greatest common divisor of 2159673 and 2?
1
What is the highest common factor of 125403257 and 7189?
553
What is the highest common divisor of 3269748 and 1368?
228
Calculate the greatest common factor of 29106304 and 32.
32
Calculate the greatest common divisor of 28930736 and 244.
4
What is the highest common factor of 289 and 62012464?
289
Calculate the greatest common factor of 91794 and 3438.
6
Calculate the greatest common divisor of 292688 and 243232.
176
What is the highest common divisor of 210 and 5857185?
15
What is the highest common factor of 3170279 and 33439?
119
Calculate the highest common divisor of 402456 and 7710468.
4908
Calculate the highest common divisor of 144 and 16621168.
16
Calculate the highest common factor of 2960 and 37359760.
80
What is the greatest common divisor of 8276289 and 62517?
4809
What is the greatest common divisor of 1267073 and 987?
47
What is the greatest common divisor of 2707641378 and 39?
39
Calculate the highest common factor of 9145 and 780275.
295
Calculate the greatest common factor of 95701167 and 99.
9
Calculate the highest common factor of 21223805 and 6795.
755
What is the greatest common divisor of 45030306 and 6?
6
Calculate the highest common factor of 3037 and 31788279.
3037
Calculate the greatest common factor of 3126 and 6420804.
3126
Calculate the highest common factor of 1256868 and 2556.
36
What is the highest common factor of 10662 and 286152087?
5331
Calculate the highest common divisor of 22119 and 1413192.
303
What is the highest common factor of 419162505 and 15?
15
Calculate the greatest common factor of 594 and 286792.
22
Calculate the highest common factor of 276 and 508042400.
92
Calculate the highest common divisor of 32334643 and 3751.
341
What is the highest common divisor of 3965 and 70577?
793
What is the highest common factor of 4 and 7974489?
1
What is the highest common divisor of 9408 and 25268544?
1344
What is the highest common factor of 499852 and 760?
76
Calculate the greatest common divisor of 45716 and 20196.
44
What is the greatest common divisor of 27547 and 155646907?
2119
What is the greatest common divisor of 69480 and 712440?
360
What is the highest common divisor of 242 and 15263061?
121
What is the greatest common factor of 160673 and 8023?
71
What is the highest common factor of 7338 and 226922758?
2446
Calculate the highest common factor of 13140 and 592827160.
1460
What is the highest common factor of 18 an